ommon divisor of 333 and 10377.
9
Calculate the greatest common divisor of 1830 and 136640.
610
What is the highest common divisor of 1984 and 5266528?
992
What is the greatest common divisor of 81 and 53622?
81
Calculate the highest common factor of 14632 and 11800.
472
What is the highest common divisor of 36441 and 1611?
9
Calculate the highest common factor of 98520 and 40.
40
Calculate the highest common factor of 18 and 152262.
18
What is the greatest common divisor of 10404 and 1?
1
What is the highest common divisor of 18396 and 2268?
252
Calculate the greatest common divisor of 329370 and 1530.
30
Calculate the greatest common factor of 23970 and 105.
15
What is the highest common factor of 237747 and 215?
43
What is the greatest common factor of 2493 and 1467?
9
What is the greatest common divisor of 167827 and 146?
73
What is the highest common divisor of 1825 and 175675?
25
What is the greatest common divisor of 937601 and 119?
119
Calculate the greatest common divisor of 904761 and 481.
481
Calculate the highest common divisor of 9179 and 17125.
137
What is the greatest common factor of 750 and 2910?
30
Calculate the greatest common divisor of 420 and 84112.
28
What is the highest common factor of 214179 and 1617?
147
Calculate the highest common divisor of 151740 and 12420.
540
Calculate the greatest common divisor of 79 and 122924.
79
Calculate the greatest common factor of 10829 and 1989.
221
Calculate the highest common divisor of 8325 and 1579900.
925
What is the highest common divisor of 130 and 14830?
10
Calculate the highest common factor of 413 and 274645.
413
Calculate the highest common factor of 915 and 1125.
15
What is the greatest common divisor of 77919 and 57?
57
What is the highest common factor of 14837 and 333?
37
What is the highest common factor of 84 and 1480668?
84
What is the greatest common factor of 23983 and 493?
29
Calculate the highest common factor of 521 and 227677.
521
Calculate the highest common divisor of 23552 and 46.
46
What is the greatest common factor of 498 and 873492?
498
Calculate the greatest common factor of 1068 and 12.
12
Calculate the highest common divisor of 5370 and 15036.
1074
What is the greatest common factor of 19234 and 826?
118
What is the highest common divisor of 69276 and 6900?
276
What is the highest common factor of 16863 and 55?
11
Calculate the highest common factor of 1197 and 710220.
399
Calculate the greatest common divisor of 16 and 11201304.
8
Calculate the highest common factor of 78674 and 556.
278
What is the greatest common divisor of 451 and 139403?
11
Calculate the greatest common divisor of 640 and 5400.
40
Calculate the greatest common divisor of 8015 and 315.
35
Calculate the highest common factor of 918 and 3204.
18
Calculate the highest common divisor of 8921 and 6578.
11
Calculate the highest common factor of 212 and 2392.
4
What is the greatest common factor of 33 and 88363?
11
Calculate the highest common factor of 28 and 103285.
7
What is the greatest common factor of 241468 and 424?
212
Calculate the greatest common factor of 120 and 36520.
40
Calculate the highest common divisor of 308 and 4653.
11
Calculate the greatest common divisor of 55797 and 5061.
21
Calculate the highest common divisor of 109 and 93413.
109
What is the greatest common divisor of 780 and 180084?
12
What is the highest common divisor of 514843 and 399?
133
Calculate the greatest common factor of 8801 and 1092001.
677
Calculate the greatest common divisor of 1332436 and 28.
28
Calculate the greatest common divisor of 22 and 16841.
11
What is the greatest common divisor of 2485798 and 21?
7
What is the greatest common divisor of 15650 and 108298?
626
Calculate the highest common factor of 10348 and 65.
13
What is the greatest common divisor of 299 and 5395?
13
What is the highest common divisor of 76425 and 50?
25
What is the greatest common factor of 87 and 1637833?
29
What is the highest common factor of 155127 and 3115?
623
Calculate the highest common divisor of 385 and 3410.
55
Calculate the highest common divisor of 29289 and 585.
39
Calculate the highest common factor of 5247 and 173349.
99
What is the greatest common divisor of 755768 and 344?
344
What is the highest common divisor of 8103 and 45114?
219
Calculate the highest common divisor of 7 and 1320.
1
Calculate the highest common factor of 12141 and 24992.
71
Calculate the highest common factor of 38 and 8588.
38
Calculate the highest common factor of 3096 and 684.
36
Calculate the greatest common factor of 995 and 80.
5
What is the highest common factor of 3357 and 45?
9
What is the highest common factor of 43920 and 5185?
305
What is the greatest common divisor of 1626648 and 24?
24
What is the highest common divisor of 3976 and 39263?
497
What is the highest common factor of 8456 and 266?
14
Calculate the greatest common divisor of 357615 and 4455.
405
Calculate the highest common factor of 52705 and 32370.
415
What is the highest common divisor of 144 and 33568?
16
What is the greatest common factor of 20212 and 36394?
62
What is the highest common factor of 2976365 and 105?
35
What is the highest common divisor of 87449 and 126439?
557
Calculate the highest common factor of 168883 and 260.
13
Calculate the highest common divisor of 276 and 5498886.
138
Calculate the greatest common divisor of 2234368 and 96.
32
What is the greatest common factor of 12878 and 3478?
94
Calculate the greatest common factor of 300 and 42276.
12
Calculate the highest common divisor of 356 and 471166.
178
What is the greatest common divisor of 17150 and 122794?
686
What is the highest common factor of 96 and 3808?
32
Calculate the highest common factor of 363 and 21901.
121
Calculate the highest common divisor of 4959 and 8816.
551
What is the highest common divisor of 21415 and 15?
5
What is the greatest common factor of 5657 and 3?
1
Calculate the highest common divisor of 210 and 48210.
30
What is the greatest common divisor of 427 and 81914?
7
What is the highest common divisor of 150678 and 198?
198
What is the highest common divisor of 207 and 31602?
69
What is the highest common factor of 25651 and 454?
227
Calculate the greatest common factor of 572 and 355168.
44
What is the greatest common divisor of 671 and 7117?
11
What is the greatest common divisor of 23718 and 439386?
402
What is the highest common factor of 288 and 5157?
9
What is the highest common factor of 1411 and 408?
17
Calculate the highest common divisor of 610400 and 150.
50
What is the highest common factor of 1624 and 4256504?
1624
What is the greatest common factor of 1156 and 118388?
68
What is the highest common factor of 691185 and 781?
781
Calculate the highest common divisor of 928 and 2312.
8
What is the highest common divisor of 546 and 8554?
182
What is the highest common factor of 1800 and 13725?
225
Calculate the greatest common factor of 180 and 259190.
10
Calculate the greatest common factor of 37332 and 816.
204
What is the highest common divisor of 67 and 3671131?
67
What is the greatest common factor of 96 and 401628?
12
What is the greatest common factor of 3699 and 163578?
411
What is the highest common divisor of 126 and 47418?
42
What is the greatest common divisor of 89848 and 132?
44
Calculate the highest common divisor of 6375 and 51.
51
Calculate the greatest common divisor of 13855 and 136.
17
Calculate the highest common divisor of 8 and 679164.
4
Calculate the greatest common divisor of 2563 and 13281.
233
What is the highest common factor of 1823000 and 2250?
250
What is the greatest common factor of 28 and 406252?
28
Calculate the highest common factor of 6993 and 6549.
111
Calculate the highest common divisor of 852 and 953956.
284
What is the highest common factor of 30 and 582?
6
Calculate the greatest common factor of 54 and 55449.
9
Calculate the greatest common divisor of 46578 and 49.
7
What is the greatest common divisor of 1151 and 1089997?
1151
What is the greatest common divisor of 339125 and 6625?
125
Calculate the highest common factor of 2370 and 17070.
30
Calculate the highest common factor of 48 and 74224.
16
What is the greatest common divisor of 293307 and 42?
21
What is the greatest common factor of 3